rs of 2967?
3, 23, 43
What are the prime factors of 257?
257
What are the prime factors of 193710?
2, 3, 5, 11, 587
What are the prime factors of 2444?
2, 13, 47
List the prime factors of 1195.
5, 239
What are the prime factors of 16?
2
What are the prime factors of 6987?
3, 17, 137
What are the prime factors of 8282?
2, 41, 101
What are the prime factors of 1943?
29, 67
List the prime factors of 39820.
2, 5, 11, 181
What are the prime factors of 12298?
2, 11, 13, 43
What are the prime factors of 6563?
6563
List the prime factors of 4609.
11, 419
What are the prime factors of 350?
2, 5, 7
List the prime factors of 43.
43
List the prime factors of 1182.
2, 3, 197
What are the prime factors of 9446?
2, 4723
What are the prime factors of 6994?
2, 13, 269
List the prime factors of 1264.
2, 79
List the prime factors of 43820.
2, 5, 7, 313
List the prime factors of 1217.
1217
What are the prime factors of 2981?
11, 271
What are the prime factors of 2231?
23, 97
List the prime factors of 14743.
23, 641
List the prime factors of 52061.
79, 659
List the prime factors of 3295.
5, 659
What are the prime factors of 1520?
2, 5, 19
What are the prime factors of 1110?
2, 3, 5, 37
List the prime factors of 14686.
2, 7, 1049
List the prime factors of 2860.
2, 5, 11, 13
What are the prime factors of 2758?
2, 7, 197
List the prime factors of 452.
2, 113
What are the prime factors of 34791?
3, 11597
What are the prime factors of 13528?
2, 19, 89
List the prime factors of 2352.
2, 3, 7
List the prime factors of 2784.
2, 3, 29
List the prime factors of 24235.
5, 37, 131
What are the prime factors of 4224?
2, 3, 11
What are the prime factors of 14435?
5, 2887
List the prime factors of 2796.
2, 3, 233
What are the prime factors of 444?
2, 3, 37
What are the prime factors of 1213?
1213
List the prime factors of 43196.
2, 10799
List the prime factors of 14320.
2, 5, 179
List the prime factors of 2564.
2, 641
List the prime factors of 27.
3
What are the prime factors of 3798?
2, 3, 211
List the prime factors of 4425.
3, 5, 59
List the prime factors of 32099.
32099
List the prime factors of 127807.
127807
What are the prime factors of 62324?
2, 15581
List the prime factors of 3548.
2, 887
List the prime factors of 21899.
61, 359
What are the prime factors of 1086?
2, 3, 181
List the prime factors of 445.
5, 89
List the prime factors of 16548.
2, 3, 7, 197
What are the prime factors of 52770?
2, 3, 5, 1759
List the prime factors of 144015.
3, 5, 9601
List the prime factors of 1687.
7, 241
What are the prime factors of 74961?
3, 8329
List the prime factors of 10115.
5, 7, 17
List the prime factors of 2512.
2, 157
List the prime factors of 5047.
7, 103
What are the prime factors of 19522?
2, 43, 227
What are the prime factors of 1704?
2, 3, 71
List the prime factors of 544.
2, 17
What are the prime factors of 97689?
3, 32563
What are the prime factors of 4607?
17, 271
List the prime factors of 511.
7, 73
What are the prime factors of 6980?
2, 5, 349
What are the prime factors of 547?
547
What are the prime factors of 699?
3, 233
What are the prime factors of 7982?
2, 13, 307
What are the prime factors of 5688?
2, 3, 79
What are the prime factors of 1466?
2, 733
What are the prime factors of 11888?
2, 743
List the prime factors of 38055.
3, 5, 43, 59
List the prime factors of 44349.
3, 14783
What are the prime factors of 5416?
2, 677
What are the prime factors of 6807?
3, 2269
What are the prime factors of 943?
23, 41
List the prime factors of 3090.
2, 3, 5, 103
What are the prime factors of 2138?
2, 1069
List the prime factors of 1414.
2, 7, 101
What are the prime factors of 82572?
2, 3, 7, 983
List the prime factors of 1797.
3, 599
List the prime factors of 22177.
67, 331
What are the prime factors of 2848?
2, 89
What are the prime factors of 6821?
19, 359
What are the prime factors of 212?
2, 53
What are the prime factors of 1401?
3, 467
List the prime factors of 227.
227
What are the prime factors of 1165?
5, 233
What are the prime factors of 664?
2, 83
List the prime factors of 11888.
2, 743
What are the prime factors of 21904?
2, 37
What are the prime factors of 5587?
37, 151
List the prime factors of 6212.
2, 1553
List the prime factors of 1561.
7, 223
What are the prime factors of 1808?
2, 113
What are the prime factors of 18728?
2, 2341
List the prime factors of 6594.
2, 3, 7, 157
List the prime factors of 660.
2, 3, 5, 11
What are the prime factors of 538?
2, 269
What are the prime factors of 1799?
7, 257
List the prime factors of 5390.
2, 5, 7, 11
What are the prime factors of 1812?
2, 3, 151
What are the prime factors of 38632?
2, 11, 439
List the prime factors of 1137.
3, 379
What are the prime factors of 30013?
30013
What are the prime factors of 106286?
2, 19, 2797
What are the prime factors of 2891?
7, 59
List the prime factors of 56569.
56569
List the prime factors of 1930.
2, 5, 193
What are the prime factors of 4852?
2, 1213
What are the prime factors of 108937?
41, 2657
What are the prime factors of 5557?
5557
List the prime factors of 5443.
5443
List the prime factors of 1207.
17, 71
List the prime factors of 2466.
2, 3, 137
What are the prime factors of 1978?
2, 23, 43
List the prime factors of 2372.
2, 593
What are the prime factors of 51478?
2, 7, 3677
What are the prime factors of 69450?
2, 3, 5, 463
What are the prime factors of 80988?
2, 3, 17, 397
List the prime factors of 21198.
2, 3, 3533
What are the prime factors of 2772?
2, 3, 7, 11
List the prime factors of 936.
2, 3, 13
What are the prime factors of 2530?
2, 5, 11, 23
What are the prime factors of 2378?
2, 29, 41
List the prime factors of 9760.
2, 5, 61
What are the prime factors of 78482?
2, 39241
List the prime factors of 502.
2, 251
List the prime factors of 140.
2, 5, 7
List the prime factors of 24339.
3, 7, 19, 61
What are the prime factors of 17695?
5, 3539
What are the prime factors of 1584?
2, 3, 11
List the prime factors of 1002.
2, 3, 167
List the prime factors of 21.
3, 7
What are the prime factors of 995?
5, 199
What are the prime factors of 1045?
5, 11, 19
What are the prime factors of 1500?
2, 3, 5
List the prime factors of 7760.
2, 5, 97
What are the prime factors of 79844?
2, 19961
What are the prime factors of 5594?
2, 2797
List the prime factors of 20110.
2, 5, 2011
What are the prime factors of 14649?
3, 19, 257
What are the prime factors of 18155?
5, 3631
List the prime factors of 16224.
2, 3, 13
List the prime factors of 1013.
1013
What are the prime factors of 483?
3, 7, 23
List the prime factors of 1034.
2, 11, 47
List the prime factors of 2711.
2711
List the prime factors of 6186.
2, 3, 1031
List the prime factors of 3532.
2, 883
What are the prime factors of 194724?
2, 3, 601
List the prime factors of 15611.
67, 233
List the prime factors of 384.
2, 3
What are the prime factors of 3452?
2, 863
List the prime factors of 2377.
2377
List the prime factors of 2223.
3, 13, 19
What are the prime factors of 3230?
2, 5, 17, 19
What are the prime factors of 26280?
2, 3, 5, 73
List the prime factors of 24276.
2, 3, 7, 17
List the prime factors of 3905.
5, 11, 71
List the prime factors of 927.
3, 103
List the prime factors of 1261.
13, 97
List the prime factors of 2657.
2657
List the prime factors of 38402.
2, 7, 13, 211
What are the prime factors of 1097?
1097
List the prime factors of 2241.
3, 83
What are the prime factors of 8067?
3, 2689
List the prime factors of 2149.
7, 307
What are the prime factors of 47?
47
List the prime factors of 10012.
2, 2503
List the prime factors of 77180.
2, 5, 17, 227
What are the prime factors of 43902?
2, 3, 271
What are the prime factors of 41?
41
What are the prime factors of 20054?
2, 37, 271
List the prime factors of 7405.
5, 1481
List the prime factors of 8158.
2, 4079
What are the prime factors of 10282?
2, 53, 97
List the prime factors of 25323.
3, 23, 367
What are the prime factors of 8093?
8093
What are the prime factors of 24218?
2, 12109
What are the prime factors of 24407?
24407
List the prime factors of 6674.
2, 47, 71
List the prime factors of 1895.
5, 379
List the prime factors of 1765.
5, 353
List the prime factors of 515.
5, 103
List the prime factors of 1143.
3, 127
What are the prime factors of 542?
2, 271
List the p